01
41f77 (base 16) to base 7
2203516
-2102020021212 (base 3) to base 14
-255ccd
What is -333430334 (base 5) in base 3?
-2202120011100
-22300233220 (base 4) to base 2
-1010110000101111101000
Convert 6936b9 (base 12) to base 5.
412421210
Convert 2031103112 (base 4) to base 2.
10001101010011010110
164cb8 (base 15) to base 2
100000111100011001010
What is -139592 (base 14) in base 7?
-5525142
-10320121003 (base 4) to base 8
-4703103
13440143 (base 5) to base 4
202030100
-42155 (base 8) to base 13
-7c86
Convert 1202020000210 (base 3) to base 12.
389aa0
What is 62326 (base 14) in base 3?
110000120012
cde86 (base 16) to base 8
3157206
b1d1f3 (base 16) to base 15
1052dce
Convert 22230033023 (base 4) to base 2.
1010101100001111001011
Convert -103226102 (base 7) to base 10.
-6158273
What is -d33818 (base 15) in base 6?
-555033322
Convert -210003223 (base 4) to base 16.
-240eb
-2332232131 (base 4) to base 12
-318111
Convert -1346744 (base 10) to base 15.
-1b907e
What is a43a24 (base 13) in base 3?
21012212022000
Convert 2228226 (base 9) to base 13.
33033c
What is -12210001222 (base 3) in base 12?
-55a15
21101110021 (base 3) to base 13
5124a
What is 16b9 (base 15) in base 13?
22cb
What is -42063c (base 13) in base 7?
-16055406
Convert 8bc37 (base 16) to base 11.
361119
1001001001010001110000 (base 2) to base 15
32549b
Convert 3256579 (base 11) to base 2.
10101110100001010001011
4346755 (base 10) to base 2
10000100101001110000011
Convert -5830cb (base 15) to base 16.
-4045df
Convert -c6ab (base 13) to base 16.
-6b7f
Convert -10202220021021 (base 3) to base 12.
-808837
Convert -3404112 (base 6) to base 7.
-1314254
-ed7218 (base 15) to base 8
-53120501
13036 (base 7) to base 9
4661
Convert 111422042 (base 5) to base 14.
cd8bb
6366320 (base 7) to base 2
10111100101101001100
What is 12961 (base 14) in base 3?
2022202120
Convert -129639d (base 14) to base 2.
-100010001101011110110111
Convert 43153 (base 6) to base 8.
13415
Convert 1cc1b9 (base 16) to base 7.
22006315
-1225730 (base 13) to base 2
-10101100000101001000100
Convert 1d1bd (base 14) to base 8.
221323
What is -1303333212 (base 4) in base 14?
-c5206
Convert 3032222311 (base 4) to base 9.
1530174
10221210 (base 3) to base 10
2883
What is -1133012213 (base 4) in base 13?
-1083cb
What is -68854 (base 15) in base 6?
-11043541
What is -1332310102 (base 4) in base 2?
-1111110110100010010
-3f78a (base 16) to base 14
-6aa5c
-379699 (base 11) to base 9
-1111827
What is 1623220 (base 7) in base 8?
666262
What is 200133021 (base 4) in base 13?
4874a
359493 (base 16) to base 7
41563305
11100120022 (base 4) to base 13
39318a
Convert -10231030000 (base 4) to base 10.
-1233664
What is -9952 (base 12) in base 13?
-790a
Convert c5385 (base 15) to base 10.
625175
Convert -a23 (base 11) to base 5.
-14420
What is -1402413 (base 5) in base 14?
-a547
Convert -96d3 (base 14) to base 4.
-12113021
What is -20ce83 (base 16) in base 13?
-5a3801
What is -12320341 (base 5) in base 2?
-11101010100100000
What is 22100010212220 (base 3) in base 14?
834da3
Convert 1089d (base 15) to base 5.
3140243
What is -8517316 (base 9) in base 2?
-10001011000111101100111
Convert 371155 (base 11) to base 15.
b8e87
What is -209436 (base 10) in base 7?
-1531413
Convert 2242766 (base 8) to base 12.
253846
-327296 (base 10) to base 16
-4fe80
What is -2a2dd8 (base 14) in base 4?
-11212122002
What is -79741 (base 12) in base 13?
-58822
-3eae (base 15) to base 16
-347f
What is -1730155 (base 10) in base 13?
-48767b
What is 556355 (base 16) in base 2?
10101010110001101010101
2002120200 (base 3) to base 14
11063
Convert -4dcec2 (base 15) to base 9.
-7028512
-5c8359 (base 15) to base 3
-22100011202010
-19a6413 (base 15) to base 16
-11e23a2
-311442 (base 5) to base 4
-2200013
-2101530 (base 7) to base 9
-424583
What is -6a76a2 (base 11) in base 15?
-172a81
Convert -11101100010100101000 (base 2) to base 6.
-32425212
9927524 (base 10) to base 8
45675544
Convert 22b830 (base 13) to base 15.
1147cb
Convert 11214034 (base 7) to base 2.
11101110111010101100
Convert 1322262 (base 9) to base 6.
23301002
What is 23120133 (base 5) in base 2?
110010101010110111
What is -11800438 (base 9) in base 6?
-324012225
What is -101101000000000100000 (base 2) in base 4?
-11220000200
What is 28211 (base 11) in base 13?
153a1
100100101010011010001 (base 2) to base 11
750667
What is -23001211 (base 4) in base 3?
-2021221111
What is -6a1aa (base 11) in base 2?
-11000110000010101
What is 300311301 (base 5) in base 2?
100100000100101111100
Convert 1153526 (base 10) to base 14.
22054a
Convert 4233333034 (base 5) to base 13.
1ac1b90
Convert -2000233023 (base 4) to base 14.
-da24b
2c7ef5 (base 16) to base 12
b87671
What is -814070 (base 14) in base 5?
-2103231312
-641612 (base 7) to base 5
-12023332
What is 2313131 (base 4) in base 6?
130205
What is 110001100101101000101 (base 2) in base 13?
44b7a5
What is -a948f (base 16) in base 2?
-10101001010010001111
What is -138b92 (base 12) in base 5?
-40422213
What is 2451143 (base 8) in base 9?
1240822
Convert 664611 (base 10) to base 11.
414372
230ba2 (base 16) to base 8
10605642
102202 (base 4) to base 10
1186
-525465 (base 11) to base 6
-30012551
Convert -180a071 (base 11) to base 12.
-1042691
Convert 1bd3d9 (base 14) to base 16.
f35f3
What is 11203302210 (base 4) in base 7?
15246510
-643c7a (base 14) to base 3
-20101021222201
830a53 (base 12) to base 6
112010543
-133200322001 (base 4) to base 13
-1933319
What is -1f16b8 (base 16) in base 15?
-2a3a3c
1954 (base 10) to base 16
7a2
Convert -1058373 (base 9) to base 12.
-236103
614275 (base 9) to base 16
58de1
What is 2524105 (base 10) in base 4?
21220033021
-137865 (base 13) to base 9
-801823
What is -1230123112 (base 4) in base 8?
-1543326
37c922 (base 14) to base 13
5217a9
What is -200ff (base 16) in base 12?
-63bbb
What is -719388 (base 12) in base 2?
-110110010001111011000
What is 3a7533 (base 11) in base 6?
21412425
What is 1751587 (base 10) in base 6?
101313111
Convert -2aba0 (base 14) to base 13.
-39677
Convert 3401002204 (base 5) to base 9.
14885666
What is 113330 (base 11) in base 15?
38556
a178c7 (base 13) to base 10
3758385
Convert 2386a1 (base 16) to base 9.
4337646
Convert 73841a (base 11) to base 7.
13023220
What is -4081247 (base 9) in base 16?
-214072
What is 1010011010101011000010 (base 2) in base 12?
ab8316
445153 (base 9) to base 4
1000333212
What is -10284a4 (base 13) in base 16?
-4acdad
Convert -1213220111 (base 4) to base 7.
-3415343
Convert -717686 (base 14) to base 6.
-213542130
What is -30874 (base 14) in base 7?
-664604
-4a7909 (base 13) to base 12
-722663
Convert -213131030 (base 4) to base 6.
-3244112
What is 4847a47 (base 12) in base 16?
d61917
Convert 40321440 (base 5) to base 9.
542520
-1413430222 (base 5) to base 16
-37c596
Convert 1000011001010111111000 (base 2) to base 3.
11010211022111
220133231 (base 4) to base 8
503755
Convert -32200122130 (base 4) to base 6.
-213301244
Convert 1705117 (base 8) to base 9.
832765
What is 4654255 (base 7) in base 12?
242621
Convert 1202112102212 (base 3) to base 7.
10644530
Convert -110110101001101100 (base 2) to base 3.
-102101001211
Convert -440244014 (base 5) to base 13.
-50c860
-37110 (base 12) to base 15
-170e0
What is -547b4a (base 12) in base 13?
-37c3c9
What is 21516 (base 15) in base 10?
105771
What is 21101202002 (base 3) in base 12?
70325
What is -11111000100101000011010 (base 2) in base 4?
-133010220122
Convert -1c0b359 (base 13) to base 3.
-122111211220102
Convert -60c12d (base 15) to base 16.
-46251a
What is -5404052 (base 6) in base 8?
-1006100
-b0767 (base 13) to base 15
-636e4
82566 (base 10) to base 15
196e6
244605 (base 7) to base 11
307a9
Convert -3b8d1 (base 15) to base 10.
-190996
What is -2676644 (base 12) in base 8?
-35045424
What is -28812 (base 9) in base 16?
-4c9d
What is -15416c5 (base 13) in base 10?
-6800890
110001011110001000111000 (base 2) to base 8
61361070
-1659950 (base 12) to base 3
-22122200102020
What is 44160344 (base 7) in base 14?
70b624
What is -6a97a (base 11) in base 4?
-120332330
Convert 1533046 (base 7) to base 6.
4255554
Convert 435430410 (base 6) to base 12.
2755406
Convert 2307b4 (base 15) to base 16.
1984b1
What is 41442441 (base 6) in base 13?
331909
-20309a6 (base 11) to b